7/5 + (-2)/5. What is the highest common divisor of v and i?
29
Let j be 2/6 - (-51)/9. Let d = -377 - -380. Calculate the greatest common divisor of d and j.
3
Let o = -4038 - -5670. Calculate the highest common divisor of 51 and o.
51
Let s be ((-6)/3 - -1)*(-162)/6. Let c be (441/s)/(1/3). Let i(a) = -2*a**3 - a**2 + 2*a - 1. Let b be i(-2). What is the greatest common divisor of c and b?
7
Suppose 0 = -4*p - p - 3*f + 25, 3*p = -3*f + 21. Suppose -2*g + 11 = -u, 4*u = 6*u + p. Calculate the highest common factor of 45 and g.
5
Let l(u) = u + 3. Let m be l(5). Let y be (-4)/16 - (-18)/m. Suppose h = -4*x + 177, -192 = -y*h - 5*x + 171. What is the greatest common divisor of 21 and h?
21
Suppose 0 = -5*l - 4*d + 56, -116*l + 120*l - 44 = -3*d. Calculate the highest common factor of 160 and l.
8
Let b be (-2 - -4 - 7)*-1. Let r(j) = j**3 + 7*j**2 - 10*j - 5. Let o be r(-8). Let u = 46 - o. What is the highest common divisor of b and u?
5
Suppose -1539 = 135*i - 162*i. What is the greatest common factor of i and 6?
3
Let b be 9 + 0/(-1*6/(-3)). Suppose 0 = -6*h + 3*h. Suppose -2*w - w + 27 = h. Calculate the greatest common divisor of b and w.
9
Suppose -x + 32*g = 35*g + 5, 3*g = -9. Calculate the greatest common divisor of 76 and x.
4
Let d(s) be the first derivative of 2*s**3/3 + 15*s**2/2 + 10*s - 5. Let r be d(-10). Calculate the greatest common divisor of r and 12.
12
Suppose 3*m - 30 = -3*d, 4*d + 3*m - 54 = -d. Suppose 0 = 10*b - d*b + 48. What is the greatest common factor of 216 and b?
24
Suppose -8 = 8*x - 24. Suppose 4*w - 50 = x*g, -w + 4 = 2*g - 6. Calculate the highest common divisor of 4 and w.
4
Suppose 5*w - 20838 - 2982 = 0. Let o be w*((-28)/8)/7. Let i be o/(-33) - 4/22. What is the highest common factor of 8 and i?
8
Let c(d) = d**3 - 38*d**2 + 4*d - 131. Let k be c(38). Calculate the greatest common factor of k and 42.
21
Let a be 1*(-11)/(-1)*42/231. What is the highest common factor of a and 18?
2
Let j be (-1 + 121)*(76/(-20) + 5). What is the greatest common divisor of 48 and j?
48
Let m = 12 - 50. Let d = m + 76. Calculate the greatest common divisor of d and 57.
19
Let o(a) = 182*a + 42. Let m be o(4). Calculate the highest common factor of 35 and m.
35
Suppose 3*o + 15 = -2*u - 8, 3*u + 7 = -2*o. Let v be (o - 0)/(4/(-8)). Calculate the greatest common factor of v and 176.
22
Let n(i) = 50*i**2 - 3*i + 1. Let o be n(1). Suppose -30*x = -29*x - o. What is the greatest common factor of x and 3?
3
Let h be 5 + -3 + 1/(-1). Suppose q + h = 218. Suppose -3*x - 6*m + 101 = -10*m, 0 = -m - 2. Calculate the highest common divisor of x and q.
31
Let d(w) = 2*w**2 - 29*w - 18. Let n be ((-20)/4 + 10)*(-16)/(-5). Let y be d(n). What is the highest common divisor of 10 and y?
10
Suppose 0 = 3*z - 4*z - 9. Let k be (4665/z)/(3/(-18)). Let g be (-3)/9 - k/(-15). What is the greatest common factor of g and 23?
23
Let h be 2*(-10)/(-4) + 1. Let x(z) = 3*z - 3. Let p be x(9). Suppose 3*k + 72 = 3*i, 2*k + p = i - 3*k. Calculate the greatest common factor of i and h.
6
Let v = 4 + -8. Let i be 200 - 2/v*-4. Let b = 295 + -273. What is the highest common factor of b and i?
22
Let m be 3/(42/(-4)) + (-15296)/(-28). Calculate the greatest common factor of 14 and m.
14
Let k = 170 + -158. Calculate the greatest common divisor of k and 468.
12
Let b be 11/(-44) - 1/(-4). Suppose -2*c = -3*g - 8, b = 2*g - 6*c + 3*c - 3. Let r be 2/g + 56/42. What is the highest common divisor of 4 and r?
1
Let l(q) = 2*q**2 - 37*q - 76. Let n be l(22). Calculate the greatest common factor of n and 6.
6
Let f be 2/(-4) - 27/(-2). Suppose 6*o = -42 + 12. Let u = f + o. Calculate the greatest common factor of 64 and u.
8
Suppose -c + 13 = 4*f + 1, -4*c + 26 = 5*f. Let g be c + (-3 - (0 + -2)). Let u be 1*26/(g - 1). What is the greatest common divisor of u and 104?
13
Let y be 8/(-12)*3 - -2. Let d = 4 + y. Suppose -3*w = -d*w + 240. What is the greatest common divisor of 30 and w?
30
Suppose 37 = 2*b - 3*t, 5*t = -19*b + 21*b - 35. What is the highest common factor of 940 and b?
20
Let h = -118 + 178. Calculate the greatest common divisor of h and 90.
30
Let v(w) = 3*w - 16. Let q be v(7). Suppose -2*k + 32 = 4*b - 20, q*k - 20 = 0. Calculate the highest common factor of 55 and b.
11
Let t(u) = u**2 - 12*u + 2. Let h be t(12). Suppose -v = -1 - h. Suppose 0 = d - 14 + 5. Calculate the greatest common factor of v and d.
3
Let a = 100 - -29. Calculate the greatest common factor of a and 43.
43
Let m(t) = 14*t + 2. Let j be m(2). Suppose -4*u + j = 5*b, 3*b + 4*u = u + 15. Let a = -2011 + 2081. What is the greatest common factor of b and a?
10
Let h be (-156)/(-1014) - (-620)/26. Calculate the greatest common divisor of 1752 and h.
24
Suppose 7*n - 2*n - 114 = -4*v, -2 = -n. Calculate the highest common divisor of 130 and v.
26
Let v(i) = i. Let b(t) = -4*t - 17. Let l(g) = -b(g) - 5*v(g). Let y be l(0). What is the greatest common divisor of 187 and y?
17
Let u = 17 + 68. Let k be 7/(7/u) + 0. What is the greatest common factor of 34 and k?
17
Let h = 129 + -125. Suppose 0 = -h*j - 5*q + 17, 3*j = -j - 3*q + 15. Calculate the greatest common factor of j and 5.
1
Let l(f) = -15 + 41*f + f**3 + 7 - f**2 - 2*f**2 - 36*f. Let t be l(4). What is the greatest common divisor of 224 and t?
28
Let j be (-672)/9*18/(-7). Calculate the greatest common factor of j and 32.
32
Let u = -7 + 12. Suppose 5*c - 23 = c + u*v, -38 = -4*c + 2*v. Let i be 3/(-2) - 38/(-4). What is the highest common factor of i and c?
4
Let b be ((-14)/4 - (-16 + 12))*4. Suppose -b*q + 2 = -q. Let u be (4/1)/(1 + 1). Calculate the highest common factor of u and q.
2
Suppose 45*y = 33*y + 264. What is the highest common divisor of y and 143?
11
Let f(r) = r**3 + 17*r**2 - 20*r - 22. Suppose 3*k - 8 = 4*k + 2*m, -3*k - m = 49. Let t be f(k). Calculate the greatest common factor of t and 154.
14
Suppose -1792 = -5*g + g - 2*w, -3*g - 5*w + 1344 = 0. Calculate the highest common divisor of g and 56.
56
Let f(r) be the second derivative of -13*r**3/6 - 49*r**2/2 + 8*r. Let o be f(-9). What is the highest common divisor of 102 and o?
34
Suppose 5*m - 78 = 2*m. Suppose 2*c + 4 = m. Calculate the greatest common divisor of 11 and c.
11
Suppose -4*c - 48 = 5*x, c - 27 = 6*c - 2*x. Let g be (c - -1)/(-2) - -7. Let i be (-448)/(-70) + (-4)/g. Calculate the highest common divisor of i and 2.
2
Let v(y) = y**3 + 5*y**2 - 3*y - 1. Let i(w) = -3*w + 1. Let r be i(-1). Let p be (-6)/r*10/3. Let o be v(p). What is the highest common divisor of 42 and o?
14
Suppose -234 = 17*s - 26*s. What is the highest common divisor of 312 and s?
26
Suppose -32*v + 489 = -30*v - 3*y, -2*y = v - 234. What is the highest common factor of v and 672?
48
Let f be (24/20)/((-3)/(-20)). Suppose -f*t - 9 = -x - 3*t, 2*x + 2*t = 42. Let g = -14 + x. Calculate the greatest common factor of g and 2.
1
Let t = 95 + -69. What is the greatest common divisor of 130 and t?
26
Let w(h) = -4*h**2 + 3*h**2 + 2*h**2 + 3*h - h. Let q be w(-3). What is the highest common factor of 3 and q?
3
Suppose 504 = 3*f - 3*j, 4*f + 4*j - 2*j - 678 = 0. Let v = -17 + f. Calculate the greatest common factor of v and 19.
19
Suppose 5*d + 3*d + 10144 = 0. Let j be 4/(-14) + 8/((-224)/d). Calculate the highest common factor of 45 and j.
45
Let m be (-13)/(-2)*13 - 5/10. Let o = m + -58. Calculate the greatest common divisor of o and 234.
26
Let f = 164 + -112. Suppose 3*k - 8*i + 6*i - 47 = 0, 35 = 3*k + i. What is the highest common factor of f and k?
13
Let a be (-70)/84 + 3198/36. What is the greatest common divisor of a and 36?
4
Let j(f) = f**2 - 39*f - 76. Let x be j(41). What is the highest common divisor of 258 and x?
6
Suppose 5*z + 39 = 359. Let t = -37 + 43. Let f be (-32)/(-6)*t/4. Calculate the greatest common factor of f and z.
8
Suppose -2*l + 27 = l. Suppose 3*n = 4*c - 53 + 224, -3*c = 3*n - 108. What is the greatest common factor of l and n?
9
Let f be (-66)/(-24) - (-2)/8. Let t(d) = -d**3 + 6*d**2 - 5*d - 1. Let k be t(5). Let q be k/(f - (-19)/(-6)). Calculate the highest common factor of 30 and q.
6
Let b be (-2)/2 - 3 - 72/(-3). Suppose -5*p + b = 15*p. Let r = -7 + 10. Calculate the greatest common factor of r and p.
1
Suppose k = -0*